actors of g(-2)?
3
Let x(j) = -j - 10. Let n = -10 + -2. Let u be x(n). Suppose -4*y + 2*h = -52, h + u*h = -5*y + 87. What are the prime factors of y?
3, 5
Suppose 2*r - 200 = -4*x - 0*x, -3*x - 5*r = -157. List the prime factors of x.
7
Suppose 2*r = -2*x + 12 + 40, 5*r - 5*x - 170 = 0. List the prime factors of r.
2, 3, 5
Suppose -51 = -c + 52. List the prime factors of c.
103
Let d = 11 - 1. Let w be -5 + (-1 - (-10)/2). Let j = d + w. What are the prime factors of j?
3
Let h(l) = 26*l**2 - 2*l - 7. List the prime factors of h(3).
13, 17
Let k = 22 + -13. Let n(i) = -i**3 + 10*i**2 - 8*i - 7. Let z be n(k). List the prime factors of 11/1 + 4/z.
13
Let j = 68 + 71. List the prime factors of j.
139
Suppose f = -3*g + 2*g + 10, -g = -f + 20. Suppose -10 = 5*y + 4*j - j, -f = 3*j. List the prime factors of 6/((0 + y)*2).
3
Let x(a) = 3*a**2. Let n be x(-1). Suppose -4*g = -n*c + g + 59, 2*g = -3*c + 52. What are the prime factors of c?
2, 3
Let r be ((-36)/10)/(1/(-5)). Let y = r - 10. List the prime factors of y.
2
Suppose -3*l - 5*o - 11 = -0*l, -2*o = 8. Let r be (4/(-6))/((-1)/l). Suppose -r*i + 0*i = -20. List the prime factors of i.
2, 5
Let i(r) = -r - 3. Let c be i(-7). List the prime factors of (c - (-2 - -1)) + -2.
3
Suppose -4*v + 3*s = -9*v + 365, s = 4*v - 275. What are the prime factors of v?
2, 5, 7
Let t = 19 + 29. List the prime factors of t.
2, 3
Let o(k) = -k**3 - 8*k**2 + 5*k + 3. List the prime factors of o(-9).
3, 13
Suppose 2*k + 0*k - 5*b + 21 = 0, -10 = 5*k - 4*b. Suppose 0 = k*j - 3*q - 13, 51 = 4*j - 2*q + q. What are the prime factors of j?
2, 7
Let d = -4 - -8. Suppose 4*t + 4 = 6*t, -d*n - 30 = t. Let u(h) = h**2 + 7*h + 8. What are the prime factors of u(n)?
2
What are the prime factors of (-15)/12*(-6 - 22)?
5, 7
Suppose 3*z + 4*u + 0 = 93, 4*z - 125 = -5*u. List the prime factors of z.
5, 7
Let w = 128 - 43. What are the prime factors of w?
5, 17
List the prime factors of 4*14 + 14 + -10.
2, 3, 5
Suppose 2*p = -p + n + 43, 5*p = 5*n + 85. List the prime factors of p.
13
Suppose i = 3*i. Suppose i*g + 3*g + h - 16 = 0, -1 = -h. Suppose -2*x - 1 = -g. What are the prime factors of x?
2
Suppose 2*p - 4*p = 12. Let j(g) = g**2 + 5*g - 2. What are the prime factors of j(p)?
2
Suppose -7*v + 5*v + 78 = 0. List the prime factors of v.
3, 13
What are the prime factors of 2/((50/(-1135))/(-5))?
227
Let l = 25 - -37. What are the prime factors of l?
2, 31
Suppose 2*b + 3*b = 225. Let g(t) = -t**3 - 4*t**2 - 2*t + 6. Let k be g(-3). Suppose -b = -8*h + k*h. List the prime factors of h.
3
Let b be (-125)/3 + 4/6. Let y = -29 - b. What are the prime factors of y?
2, 3
Let v = 4 + 16. Suppose -3*x = -2*f + v - 3, -34 = -5*f - x. List the prime factors of f.
7
Suppose -10 = 4*n - 2. Let o be (-1)/(1/n) - -10. Suppose -3*l + o = -6. What are the prime factors of l?
2, 3
Let v = -3 - -5. Suppose v*u = 4*j - 6 + 2, 6 = -u + 4*j. List the prime factors of -18*(10/(-4) + u).
3
Suppose s + 3 + 13 = -4*p, 4*s - 8 = 2*p. Let o = p - 2. Let m = 15 + o. What are the prime factors of m?
3
Suppose -6*d - 89 + 323 = 0. What are the prime factors of d?
3, 13
Suppose t - 15 = -0*t. Suppose -m + 17 = -3*m + 5*f, -21 = -4*m - f. Suppose 0 = 5*c - t, -m*p - 2*c - 3*c = -23. What are the prime factors of p?
2
Suppose 2*h - m = 3*m + 90, 217 = 5*h - 2*m. Suppose -4*x + 60 = -4*k, -4*x - x - 3*k + h = 0. What are the prime factors of x?
11
Suppose -2*v = -v - 2. Let k be (2 - -4)*v/3. Suppose 5*s = k*t + 44, -3*t + 2 = -10. List the prime factors of s.
2, 3
Let n = 2 + -2. Suppose 0 = -v - n*v + 3. What are the prime factors of v?
3
Suppose -4*s - 5*n = -8, -5*s + 2 = -4*s - 4*n. Suppose 2*r + 116 = -s*r. Let u = 40 + r. List the prime factors of u.
11
Let r = 15 - 15. Suppose r = -3*n - 12, -4*t - n = -4*n - 152. What are the prime factors of t?
5, 7
Let f be (0 + -4)/((-4)/2). What are the prime factors of 3/f*4/3?
2
Let j(g) = -g**2 - 5*g - 3. Let u be j(-3). Suppose 5*a - 3*m + 4 = 16, -u*a + 5*m = -20. Suppose a = 2*p + 14 - 36. What are the prime factors of p?
11
Suppose 3*s - 13 = 5*q + 101, -3*s = 2*q - 135. List the prime factors of s.
43
Let i(p) = -p**3 - 10*p**2 + p + 13. Let w be i(-10). Suppose -r + 3*s + 14 = 0, -r + 2*s + 15 = w. What are the prime factors of r?
2
Let l(d) = -d**3 - 6*d**2 - 2*d + 2. Let x(u) = u + 5 + 1 + 6*u - 4*u. Let i be x(-4). List the prime factors of l(i).
2, 7
Suppose -2*k = -0*k. Suppose u - 6*u = -15. Suppose k*p - u*p - 4 = -y, -4*y = -5*p - 30. List the prime factors of y.
2, 5
Suppose -3 = -5*d + 4*m, 0*d - 4*d - m + 15 = 0. Suppose -6*k + 12 = -d*k. Suppose -h - 2*w + 14 = -0, 56 = 5*h - k*w. What are the prime factors of h?
2, 3
Suppose 13*y + 6072 = 35*y. What are the prime factors of y?
2, 3, 23
Suppose 15 = -4*c - 0*c + 5*t, -15 = -4*c - 5*t. Let n be (0 + c - 0) + 30. Let s = 42 - n. What are the prime factors of s?
2, 3
Suppose 0 = -10*n + 16*n - 1230. List the prime factors of n.
5, 41
Suppose -292 = -3*j - 67. Suppose -8*p + 3*p = -j. What are the prime factors of p?
3, 5
Let m(u) be the first derivative of -u**3/3 + 5*u**2 + 3*u - 4. List the prime factors of m(8).
19
Let l(a) = a**3 - a**2 + 2. List the prime factors of l(0).
2
Let b(h) = -h**3 + 2. Let u be b(2). Let o = -6 + u. Let j = 4 - o. List the prime factors of j.
2
Suppose -j - 4*j - 2*k + 144 = 0, j - 3*k = 22. What are the prime factors of j?
2, 7
Let p = -10 + 0. Let b = p + 19. What are the prime factors of b?
3
Let v = -15 + 3. Let p be ((-9)/(-6))/((-1)/4). List the prime factors of 16/p*v/16.
2
Let u be (-62)/(-16) + 2/16. Suppose 0 = 4*p - 4 - 8. Suppose -p*r + u*i + 26 = 0, -r + 5*i + 40 = 4*r. What are the prime factors of r?
2, 3
Let r = -360 - -540. List the prime factors of (2/(-5))/((-9)/r).
2
Suppose 4*n = 3*h + 41 + 12, 0 = -h + 5. List the prime factors of n.
17
Let h = 40 - 23. What are the prime factors of h?
17
Let h(x) = -13*x - 1. Suppose 24 = 2*t - 5*t. Let j = t + 7. What are the prime factors of h(j)?
2, 3
Let o = 17 - -28. List the prime factors of o.
3, 5
Suppose 0 = -5*f + 41 - 6. Let w = 0 + f. List the prime factors of w.
7
Let v(j) = j**3 - 12*j**2 + 12*j - 3. Let i be v(12). Suppose y = 5*p - 143, -2*p - 2*y = -7*p + i. List the prime factors of p.
29
Suppose 0 = -5*o - 54 - 26. Let a(n) = 6*n**2 + n. Let s be a(2). Let k = s + o. What are the prime factors of k?
2, 5
Let w = 6 - 6. Suppose w = -l - 0*l + 7. Suppose 0 = q - 2*q + l. List the prime factors of q.
7
Let a = -41 - -70. Suppose 0 = -4*l + 63 + a. What are the prime factors of l?
23
Let j(v) = 142*v**2 + v. What are the prime factors of j(-1)?
3, 47
Suppose 2*x + 3*y = y + 78, 53 = 2*x - 3*y. What are the prime factors of x?
2, 17
Let d = -300 + 558. List the prime factors of d.
2, 3, 43
Let j(v) = -13*v - 10. Let q(d) = -13*d - 9. Let n(i) = -3*j(i) + 4*q(i). List the prime factors of n(-3).
3, 11
Suppose -3*f - 96 = -0*f. Let w = f - -59. What are the prime factors of w?
3
Let r = 214 - 109. List the prime factors of r.
3, 5, 7
What are the prime factors of (-94)/(-3) + 18/(-54)?
31
Suppose -3*i + 4*d = -131, -d + 143 = 4*i - 0*d. What are the prime factors of i?
37
List the prime factors of (4/5)/(28/70).
2
Suppose -3*u = 5*m - 440, m + 302 = 2*u - 0*m. List the prime factors of u.
2, 3, 5
Let c(b) = b - 4. Let i be c(3). Let y be ((-4)/(-8))/(i/(-88)). Suppose -3*t + y = t. List the prime factors of t.
11
Let b = -28 + 16. Suppose -5*d - 1 = -2*u, 0*u + 5*u = 4*d - 40. What are the prime factors of (-159)/u - (-3)/b?
13
Let m(u) = -u**3 - 2*u**2 - u + 4. What are the prime factors of m(-4)?
2, 5
Suppose -2*y - 82 = -6*y + 3*h, 0 = 2*y + 2*h - 34. Suppose 14 + y = 3*j. List the prime factors of j.
11
Suppose 0 = 6*n - 4*n. Let r = 4 - n. List the prime factors of r.
2
Let l(d) = d**2 - 8*d + 8. Let q be l(6). Let j = q - -13. List the prime factors of j.
3
Let p(m) = -m**3 + 9*m**2 + 5*m + 21. What are the prime factors of p(7)?
2, 7, 11
Let n = 14 + -34. What are the prime factors of (-650)/n*4/5?
2, 13
Suppose -8 = 4*v, f - 5*v - 350 = -4*f. What are the prime factors of f?
2, 17
Suppose 0 = -d - 0*d + 15. Suppose -3*f + 43 = 3*y + 4, 0 = -5*f - d. What are the prime factors of y?
2
Suppose 0 - 6 = -2*q. Suppose q*j - 3 - 3 = 0